 the units digit of 2832543?
3
What is the hundreds digit of 12050222?
2
What is the ten thousands digit of 263419?
6
What is the hundreds digit of 449513?
5
What is the thousands digit of 8156?
8
What is the millions digit of 2336585?
2
What is the hundred thousands digit of 239836?
2
What is the ten thousands digit of 6763695?
6
What is the units digit of 3406370?
0
What is the units digit of 18202?
2
What is the hundreds digit of 931?
9
What is the tens digit of 131092?
9
What is the ten thousands digit of 161953?
6
What is the thousands digit of 3896298?
6
What is the ten thousands digit of 121888?
2
What is the hundreds digit of 366033?
0
What is the hundred thousands digit of 2296870?
2
What is the hundreds digit of 599120?
1
What is the thousands digit of 166192?
6
What is the hundreds digit of 1512400?
4
What is the ten thousands digit of 5003833?
0
What is the tens digit of 365143?
4
What is the ten millions digit of 23198456?
2
What is the hundred thousands digit of 313876?
3
What is the thousands digit of 829735?
9
What is the ten thousands digit of 2246761?
4
What is the hundreds digit of 1919305?
3
What is the hundreds digit of 98729?
7
What is the ten thousands digit of 200721?
0
What is the thousands digit of 9045306?
5
What is the ten thousands digit of 199287?
9
What is the thousands digit of 1987565?
7
What is the thousands digit of 3938070?
8
What is the ten thousands digit of 34280?
3
What is the units digit of 8471222?
2
What is the tens digit of 1547255?
5
What is the hundred thousands digit of 514045?
5
What is the hundreds digit of 3306569?
5
What is the units digit of 2021439?
9
What is the units digit of 10862778?
8
What is the tens digit of 2233926?
2
What is the ten thousands digit of 1095399?
9
What is the tens digit of 13828479?
7
What is the millions digit of 3755889?
3
What is the tens digit of 9554387?
8
What is the hundred thousands digit of 1683535?
6
What is the units digit of 2036878?
8
What is the units digit of 342645?
5
What is the ten thousands digit of 774461?
7
What is the ten thousands digit of 718677?
1
What is the hundred thousands digit of 258420?
2
What is the tens digit of 460252?
5
What is the hundred thousands digit of 255976?
2
What is the units digit of 83873?
3
What is the hundreds digit of 151226?
2
What is the hundreds digit of 555168?
1
What is the ten thousands digit of 48697?
4
What is the tens digit of 3090159?
5
What is the tens digit of 3666327?
2
What is the thousands digit of 5040901?
0
What is the ten thousands digit of 26330497?
3
What is the hundreds digit of 1347230?
2
What is the hundred thousands digit of 15282891?
2
What is the hundreds digit of 311524?
5
What is the hundred thousands digit of 1112728?
1
What is the hundreds digit of 671684?
6
What is the ten millions digit of 15785685?
1
What is the units digit of 9871901?
1
What is the hundred thousands digit of 317786?
3
What is the tens digit of 233587?
8
What is the hundred thousands digit of 925684?
9
What is the ten thousands digit of 57739?
5
What is the tens digit of 395716?
1
What is the millions digit of 1223475?
1
What is the thousands digit of 113920?
3
What is the ten thousands digit of 300941?
0
What is the ten thousands digit of 3830030?
3
What is the thousands digit of 1268460?
8
What is the millions digit of 9936080?
9
What is the hundreds digit of 14189?
1
What is the hundreds digit of 833878?
8
What is the ten thousands digit of 13453165?
5
What is the hundred thousands digit of 155785?
1
What is the thousands digit of 19125?
9
What is the millions digit of 5293530?
5
What is the units digit of 310787?
7
What is the ten thousands digit of 15790537?
9
What is the tens digit of 108942?
4
What is the units digit of 92649?
9
What is the units digit of 468874?
4
What is the ten thousands digit of 239216?
3
What is the hundred thousands digit of 1259644?
2
What is the hundred thousands digit of 144163?
1
What is the units digit of 17693049?
9
What is the millions digit of 1762610?
1
What is the hundred thousands digit of 384699?
3
What is the thousands digit of 6626738?
6
What is the tens digit of 2329263?
6
What is the tens digit of 365407?
0
What is the hundreds digit of 2674082?
0
What is the units digit of 6300384?
4
What is the hundred thousands digit of 733830?
7
What is the ten thousands digit of 1573237?
7
What is the ten thousands digit of 1844785?
4
What is the units digit of 193712?
2
What is the units digit of 346674?
4
What is the tens digit of 17810888?
8
What is the hundreds digit of 5542809?
8
What is the thousands digit of 654864?
4
What is the ten thousands digit of 1847052?
4
What is the thousands digit of 2130314?
0
What is the thousands digit of 286086?
6
What is the units digit of 68601?
1
What is the hundred thousands digit of 267319?
2
What is the thousands digit of 89634?
9
What is the hundred thousands digit of 338420?
3
What is the tens digit of 23669994?
9
What is the units digit of 339284?
4
What is the hundred thousands digit of 11152386?
1
What is the thousands digit of 152828?
2
What is the tens digit of 486962?
6
What is the units digit of 562358?
8
What is the thousands digit of 1789825?
9
What is the ten thousands digit of 6161433?
6
What is the millions digit of 3453972?
3
What is the thousands digit of 622512?
2
What is the hundred thousands digit of 16848821?
8
What is the hundreds digit of 13492997?
9
What is the thousands digit of 463294?
3
What is the hundred thousands digit of 1414304?
4
What is the tens digit of 18448497?
9
What is the hundreds digit of 1059580?
5
What is the thousands digit of 45311607?
1
What is the units digit of 3659881?
1
What is the thousands digit of 1047041?
7
What is the ten millions digit of 20885958?
2
What is the hundreds digit of 1455036?
0
What is the ten thousands digit of 3993928?
9
What is the thousands digit of 181756?
1
What is the tens digit of 38454?
5
What is the ten thousands digit of 2409263?
0
What is the hundred thousands digit of 168685?
1
What is the ten thousands digit of 179987?
7
What is the tens digit of 1977819?
1
What is the hundreds digit of 19640115?
1
What is the tens digit of 792443?
4
What is the units digit of 90131?
1
What is the hundreds digit of 3145354?
3
What is the hundreds digit of 5975224?
2
What is the hundred thousands digit of 1407624?
4
What is the hundred thousands digit of 30319778?
3
What is the thousands digit of 3716562?
6
What is the units digit of 292193?
3
What is the hundred thousands digit of 385232?
3
What is the ten thousands digit of 134191?
3
What is the hundred thousands digit of 14333228?
3
What is the hundreds digit of 124575?
5
What is the thousands digit of 10601290?
1
What is the thousands digit of 4573818?
3
What is the hundred thousands digit of 4066469?
0
What is the hundred thousands digit of 6041973?
0
What is the units digit of 7161775?
5
What is the thousands digit of 14007853?
7
What is the tens digit of 1341868?
6
What is the ten thousands digit of 58100?
5
What is the ten thousands digit of 650427?
5
What is the units digit of 899409?
9
What is the hundreds digit of 11452823?
8
What is the ten thousands digit of 6331372?
3
What is the units digit of 975025?
5
What is the hundred thousands digit of 1856159?
8
What is the hundred thousands digit of 7183420?
1
What is the millions digit of 1062304?
1
What is the ten thousands digit of 497064?
9
What is the hundreds digit of 142554?
5
What is the hundreds digit of 2285291?
2
What is the units digit of 35789729?
9
What is the millions digit of 8749735?
8
What is the thousands digit of 2659303?
9
What is the hundred thousands digit of 3747902?
7
What is the thousands digit of 1143373?
3
What is the tens digit of 816571?
7
What is the hundreds digit of 1995782?
7
What is the units digit of 558927?
7
What is the units digit of 7595995?
5
What is the thousands digit of 32780052?
0
What is the thousands digit of 442106?
2
What is the tens digit of 36206206?
0
What is the thousands digit of 208796?
8
What is the hundreds digit of 3030271?
2
What is the tens digit of 877980?
8
What is the units digit of 71748?
8
What is the units digit of 554798?
8
What is the millions digit of 4400645?
4
What is the hundred thousands digit of 